t k(v) = 6*v + 7. Let w(h) = 11*h + 14. Let i(b) = 5*k(b) - 3*w(b). Calculate i(-5).
8
Suppose 0 = 4*p - 11 - 9. Suppose 5*x + 2*n = p, 0 = -9*x + 4*x + 4*n - 25. Let f(i) = 2*i + 2*i**3 - 2*i**3 + 7*i**3 + 1. What is f(x)?
-8
Let f(w) = 7*w - 16. Let z(r) = -r. Let p(y) = f(y) + 6*z(y). What is p(9)?
-7
Let u(a) be the second derivative of -a**4/12 + a**3/2 + a**2 - a. Suppose -6*o + o + 15 = 0. Let p be -3*(2/o + 0). Give u(p).
-8
Let o(q) = -3*q**2 + 4*q + 2*q**2 - 66 + 63. What is o(2)?
1
Suppose 0 = z - 5*h + 1, z - 3*z - 13 = h. Let a(k) be the first derivative of k**2/2 - 7*k - 9. Calculate a(z).
-13
Let c(v) = 16*v**2 + 1. Let r be (3 - (3 - 1))/(26 + -25). What is c(r)?
17
Let b(w) = -w**2 + w - 2. Suppose v - 8 = 4*c - 8*c, 0 = 3*c - 4*v - 6. Let n = 13 - 13. Suppose n = k + c*k. Give b(k).
-2
Let p be 6/(-9) + (-5)/(-3). Let v(s) = 5*s**2 + 2*s - 1. Calculate v(p).
6
Let k(x) be the first derivative of x**2/2 - 16*x + 18. Give k(7).
-9
Let q(r) = -r**2 + 10*r - 10. Let c(l) = 2*l**2 - 21*l + 20. Let g(o) = 4*c(o) + 9*q(o). Let t be g(5). Let u(f) = -f**3 - 4*f**2 + 3*f - 4. Determine u(t).
6
Suppose b - 4 = 5*b. Let r be -1 - -3 - (b - -4). Let w be 1 + -2*1 + r. Let h(d) = -d**3 - 2*d**2 - 4*d - 3. What is h(w)?
5
Let l(v) = v**2 - 5*v + 4. Suppose -3*i + 60 = 5*d + 2*i, -2*d - i + 22 = 0. Suppose -6*q = -2*q + 20, d = r - q. What is l(r)?
4
Let q be 4/(-16) + (-21)/(-4). Let v = -2 + q. Let p(w) = -v*w**2 - 3*w**3 + 2*w**3 - 2*w + w. Calculate p(-3).
3
Let u(k) = 3*k**2 + 2*k + 1. Let j be u(-1). Let c(d) = -4*d - 1 + 0*d + 0*d. Calculate c(j).
-9
Let j(m) = m**3 - 5*m**2 - 6*m - 4. Suppose t + t + 4*p + 2 = 0, 14 = 2*t - 4*p. Let l = t - -3. What is j(l)?
-4
Let s(g) be the first derivative of 0*g**3 - 1/2*g**2 - 1/4*g**4 - 6*g - 4. Calculate s(0).
-6
Let r = 0 + 1. Let u(j) be the third derivative of j**8/5040 - j**6/720 + j**5/60 - j**2. Let x(b) be the third derivative of u(b). Give x(r).
3
Let x(v) = 2*v + 2. Let l be (4/8)/((-3)/(-60)). Let n(t) = -t**3 + 5*t**2 - 4*t + 3. Let f be n(4). Suppose -2*p = -p + f*s - 2, 5*s - l = -5*p. Give x(p).
6
Let z(a) = a**2 - 10*a + 6. Let s be z(11). Suppose 4*j - 4*x = 9 + 3, -4*j + 5*x + s = 0. Let n(w) = -w**2 - 5*w - 1. Give n(j).
5
Let v(p) = -p**2 - p - 1. Suppose 4*w - 2 = 5*w. Give v(w).
-3
Let h(d) = -8 - d + 2 - 3. Let w be (4/(-8))/((-1)/20). Let l = 5 - w. Determine h(l).
-4
Let g(p) = -p - 7. Let m be ((-70)/(-4))/(-5)*2. Determine g(m).
0
Let z = -3 + 5. Let u(p) = -7*p + 4 + 3*p**z + p**3 - 1 - 9 + 1. Give u(-4).
7
Let s(r) be the first derivative of -r**4/4 - 2*r**3 + r**2/2 - 3*r - 42. Determine s(-6).
-9
Suppose 7 = 5*p - 3. Let f(w) be the third derivative of p*w**2 + 0*w + 0 + 1/2*w**3 + 1/8*w**4. Calculate f(-2).
-3
Let i(s) be the second derivative of -s**5/20 + s**4/3 + 5*s**3/6 + 3*s**2/2 - 2*s. Determine i(5).
3
Let s(n) be the third derivative of -n**5/60 + 5*n**4/24 + 7*n**3/6 - 4*n**2. What is s(5)?
7
Suppose 28 = 4*t - 4*h, 4*t + 4*h = 13 - 1. Let n be 1/2*t*2. Let v(b) = 0*b + 2*b - b - 3. Determine v(n).
2
Let p = 8 + -5. Let r(q) be the second derivative of 2/3*q**3 + 0 - 2*q**2 + 3*q. What is r(p)?
8
Let i(t) be the second derivative of t**4/12 - 5*t**3/6 - t**2/2 - t. Let d = 0 + 4. Give i(d).
-5
Let d(q) = -q**3 - 5*q**2 + 7. Suppose -2*v = -3*v - 10. Let f(p) = 5*p - 15. Let c be f(4). Let h = v + c. What is d(h)?
7
Suppose -3 = 2*m - 7. Let k be 50/15 + m/(-6). Suppose -2*a + 3 = -w - 6*a, -k*w - 4*a + 7 = 0. Let j(r) = r**3 - 5*r**2 + r - 4. What is j(w)?
1
Let t(i) be the first derivative of i**3/3 - i**2/2 - 2*i + 7. Determine t(-2).
4
Let k(v) = 15*v**3 - 3*v**2 - 5*v - 9. Let q = 6 + -4. Let w(i) = 0*i - 5 - 3*i - 2*i**2 + 2*i - q*i + 8*i**3. Let r(f) = 6*k(f) - 11*w(f). Give r(-2).
-5
Let i(c) = -2*c**2 - 5*c - 6. Let v(f) = f - 12. Let d be v(8). Let j = -8 - d. Determine i(j).
-18
Let h(v) = -v + 1. Suppose -d + 5*l - 2 = 0, -2*l = -5*d + 2 + 11. Let a = d + -4. Let p be 1 + 2/1 + a. Determine h(p).
-1
Let x(c) = -c - 2. Suppose -4*d + 3*d + 22 = 0. Let j be 2/(-11) - (-114)/d. Give x(j).
-7
Suppose -2*z + 6*z + 16 = 3*n, 4*n - 15 = -z. Let x(y) = 2*y**2 - y**3 + 2*y**2 - 2 + y**2 - 4*y. Calculate x(n).
-2
Let r(a) be the first derivative of a**3/3 + 7*a**2/2 + 8*a - 5. What is r(-6)?
2
Let n(d) = d**2 + d - 8. Let l(a) = -2*a. Let c be l(0). What is n(c)?
-8
Suppose 8 = o + o. Let m(f) = -f**3 + 3*f**2 + 6*f - 6. Let p be m(o). Suppose p*q - 1 = -3. Let j(n) = 5*n**2. Give j(q).
5
Suppose -2*n = -4*d, -2*d - d + 2 = -n. Let p(c) = -c + 5. Let j be p(3). Let l(s) = -2*s**2 + d*s**j + 3*s**2 - 2*s**2 - 1. Give l(0).
-1
Let i(z) be the first derivative of 19*z**2/2 + z - 25. Determine i(-1).
-18
Suppose 0 = 3*u - 0*u + 3. Let y(h) be the second derivative of h**4/6 - h**3/6 - h**2/2 - 2*h. Give y(u).
2
Let m(i) = i**2 + 10*i + 12. Let s be m(-8). Let b(q) = -2*q**2 + 2*q - 2. Let y(t) = 3*t**2 - t + 2. Let w(v) = s*b(v) - 3*y(v). What is w(-5)?
2
Suppose 5*w + 11 = -14, 5*f = 2*w - 10. Let v(k) = k + 1. Let z(c) = 8*c + 7. Let y(o) = f*z(o) + 28*v(o). Give y(-1).
4
Let l(f) = -6 - 83*f**2 + 86*f**2 + 3 - 3 - 7*f. Let w(h) = h**2 - h - 1. Let b be (0 - (-1 - 0))/(-1). Let n(j) = b*l(j) + 2*w(j). Calculate n(6).
-2
Suppose -3 = -p - 5*y, 3*p - 2*y = -0*p + 43. Suppose -p = 5*l + 2. Let x(k) = -k - 3. Give x(l).
0
Let c be (-1)/(-4) - (-23)/4. Let h(b) = -b + 10. Let d(x) = 1. Let v(j) = -5*d(j) + h(j). Give v(c).
-1
Suppose 20 = -5*c, -3*f - 3*c = c + 1. Let s(w) = w - 2 - 1 - f - 2 + w**3 + w**2. Determine s(0).
-10
Let i(x) = 11*x - 14. Let g(v) = -4*v + 5. Let m(h) = 17*g(h) + 6*i(h). Give m(-1).
3
Suppose 3*m = m + 6. Let l(k) = -k**3 + 5*k**3 - 3 - m*k**3 + 3*k - 3*k**2. Determine l(2).
-1
Let d(n) be the first derivative of -n**4/4 - 5*n**3/3 - 3*n**2 - 6*n + 3. Let m = 10 - 5. Suppose t - 4*f + m - 1 = 0, -8 = 2*t - 4*f. What is d(t)?
2
Let h(b) be the third derivative of -1/30*b**5 + 0 + 1/60*b**6 + 1/3*b**3 + b**2 + 0*b - 1/8*b**4. Let f = -40 + 42. Calculate h(f).
4
Let q(v) = v**2 + v + 2. Let h be q(0). Let u = 4 + h. Suppose u = 4*w - 6. Let c(g) = -g**2 + 3. Give c(w).
-6
Suppose 19*k = -172 + 20. Let u(d) = -d**3 - 8*d**2 - 8. Give u(k).
-8
Suppose 3*a + 39 = 2*f, 5*a = -3*f + 29 + 39. Suppose -15 = -o - 4*o, -3*r - f = -4*o. Let m(w) = -4*w - 1. Determine m(r).
11
Let b(j) = -j**2 - 7*j - 5. Let z = -5 - -7. Let w = z - 3. Let g be -3 + (-3)/(-3)*w. What is b(g)?
7
Let f be 1/(-3*1/3). Let a(h) = -11*h**2 + h. Determine a(f).
-12
Let i(a) = a**3 - 3*a**2 - a. Suppose 4*p = f + 21, 3*f + 9 = 2*p - 14. Calculate i(p).
12
Let j(b) = 6*b + 2. Let f be j(-1). Let u(p) = 3*p - 2. Calculate u(f).
-14
Let k(p) = p**2 + 2*p - 5. Suppose 14*a = 19*a + 25. Calculate k(a).
10
Let y(r) = -r**3 - 8*r**2 + 14*r - 11. Let b(o) = -o**3 - 8*o**2 + 13*o - 10. Let g(h) = 7*b(h) - 6*y(h). What is g(-9)?
14
Let z(b) = -b - 1. Let y(o) = 7*o + 9. Let q(w) = y(w) + 4*z(w). Suppose 14 = -3*g + 2. Determine q(g).
-7
Let s(q) = q + 1. Let d(t) = 8*t. Let j(k) = -d(k) + 6*s(k). Suppose 17 = 5*n - 3. Suppose -3*g + v = -9, -n*g = v + 3*v - 28. Calculate j(g).
-2
Let n(h) = -h**2 + 2*h + 1. Let k be n(-1). Let b(y) = -y**3 - 2*y**2 - 3*y - 2. What is b(k)?
4
Let v(r) be the second derivative of -r**5/20 - r**4/6 - r**2 + 10*r. Determine v(-2).
-2
Let t(i) = 30*i - 24*i + 0 + 1 + i**2. Let v(m) = -m**2 - 2*m + 4. Let o be v(-4). Give t(o).
-7
Let y be 0/5*(-2)/2. Let h(q) = q**3 + q**2 - q + 6. Determine h(y).
6
Let m(j) = 4*j**2 + 2*j + 2. Let d(k) = -5*k**2 - 3*k - 2. Let a(c) = 5*d(c) + 6*m(c). Let n be 21/28*(-8)/(-3). Determine a(n).
-8
Let m(g) be the third derivative of g**6/120 + g**5/20 - g**4/12 + g**3/2 - g**2. Suppose -15 = 16*w - 11*w. Calculate m(w).
9
Let f(t) = 2*t**2 + 31*t + 22. Let r be f(-15). Let a(n) = n**2 - 7*n - 3. Calculate a(r).
-3
Let i(l) = l**2 - 8*l + 3. Suppose 3*u + 4*v + 37 = 0, -2*u = 4*v + 42 - 12. Let g = 0 - u. Calculate i(g).
-4
Let r = 17 - 12. Let k(j) = 3 - 3*j**2 + 5 - 5 - j - j**3. Let u(g) = 2*g**3 + 6*g**2 + g - 5. Let q(t) = r*k(t) + 3*u(t). Calculate q(-4).
-8
Let a(b) be the first derivative of b**3/3 + 11*b**2/2 + 12*b + 39. Give a(-11).
12
Let t be (-6)/4*4/2. Let r = 8 + -6. Let x(d) = -r*d + 3*d + 1 - 4. 